{"id":57,"date":"2010-09-06T20:47:29","date_gmt":"2010-09-06T18:47:29","guid":{"rendered":"http:\/\/www.ellybasic.hr\/?page_id=57"},"modified":"2025-05-06T18:17:58","modified_gmt":"2025-05-06T16:17:58","slug":"za-osnovnu-skolu","status":"publish","type":"page","link":"https:\/\/www.ellybasic.hr\/?page_id=57","title":{"rendered":"Plan i program za osnovnu \u0161kolu"},"content":{"rendered":"<div class=\"fusion-fullwidth fullwidth-box fusion-builder-row-1 has-pattern-background has-mask-background nonhundred-percent-fullwidth non-hundred-percent-height-scrolling\" style=\"--awb-border-radius-top-left:0px;--awb-border-radius-top-right:0px;--awb-border-radius-bottom-right:0px;--awb-border-radius-bottom-left:0px;--awb-margin-top:50px;--awb-flex-wrap:wrap;\" ><div class=\"fusion-builder-row fusion-row\"><div class=\"fusion-layout-column fusion_builder_column fusion-builder-column-0 fusion_builder_column_1_1 1_1 fusion-one-full fusion-column-first fusion-column-last\" style=\"--awb-bg-size:cover;--awb-margin-bottom:0px;\"><div class=\"fusion-column-wrapper fusion-flex-column-wrapper-legacy\"><div class=\"fusion-title title fusion-title-1 fusion-sep-none fusion-title-text fusion-title-size-two\" style=\"--awb-margin-top:20px;--awb-margin-top-small:0px;--awb-margin-right-small:0px;--awb-margin-bottom-small:20px;--awb-margin-left-small:0px;\"><h2 class=\"fusion-title-heading title-heading-left\" style=\"margin:0;\"><strong>PLAN I PROGRAM ZA OSNOVNU \u0160KOLU<\/strong><\/h2><\/div><div class=\"fusion-text fusion-text-1\"><p><strong>U V O D<\/strong><\/p>\n<p>Razvojna vertikala odgoja i obrazovanja djeteta kroz glazbu prema koncepciji&nbsp; planova i programa <strong><em>Funkcionalne muzi\u010dke&nbsp; pedagogije<\/em><\/strong> obuhva\u0107a sljede\u0107e stupnjeve obrazovanja:<\/p>\n<p style=\"padding-left: 30px;\">I.&nbsp; &nbsp;&nbsp;&nbsp;&nbsp;&nbsp;&nbsp; pred\u0161kolski I i II<\/p>\n<p style=\"padding-left: 30px;\">II.&nbsp;&nbsp; &nbsp;&nbsp;&nbsp;&nbsp; osnovna glazbena \u0161kola<\/p>\n<p style=\"padding-left: 30px;\">III. &nbsp;&nbsp;&nbsp;&nbsp; srednja glazbena \u0161kola<\/p>\n<p>Svi navedeni stupnjevi glazbenog obrazovanja provode se principom dvostrukog kolosijeka u horizontalnom i vertikalnom razvoju:<\/p>\n<p style=\"padding-left: 30px;\">a) &nbsp;&nbsp;&nbsp;&nbsp;&nbsp;&nbsp;&nbsp; za profesionalno glazbeno obrazovanje<\/p>\n<p style=\"padding-left: 30px;\">b) &nbsp;&nbsp;&nbsp;&nbsp;&nbsp;&nbsp;&nbsp; za \u0161iru glazbenu kulturu i optimalni razvoj cjelovite li\u010dnosti svakog djeteta<\/p>\n<p>Dijete se u glazbenu \u0161kolu upisuje&nbsp; b e z&nbsp;&nbsp; s e l e k c i j e.<\/p>\n<p>Glazbenu \u0161kolu mo\u017ee upisati&nbsp;&nbsp; <strong>svako&nbsp; dijete<\/strong> \u010dije se potencijalne glazbene sposobnosti stru\u010dno osmi\u0161ljenim specifi\u010dnim pedago\u0161kim radom nastoje optimalno razviti ovisno o individualnim mogu\u0107nostima svakog pojedinog djeteta.<\/p>\n<p>Cilj ovog glazbeno-pedago\u0161kog odgojno-obrazovnog sustava je:<\/p>\n<p style=\"padding-left: 30px;\">&#8211; s jedne strane obrazovati&nbsp; <strong>profesionalne<\/strong> glazbene kadrove razli\u010ditih profila i<\/p>\n<p style=\"padding-left: 30px;\">zanimanja<\/p>\n<p style=\"padding-left: 30px;\">&#8211; s druge strane permanentno dizati kulturni nivo i umjetni\u010dki senzibilitet sve ostale djece kojima \u0107e u kasnijem razvoju kreativne li\u010dnosti kultura, umjetnost i posebno glazbena umjetnost postati stalnom \u017eivotnom potrebom na \u0161to vi\u0161oj razini, neovisno o u\u017eoj struci kojom \u0107e se kasnije baviti.<\/p>\n<p>Dijete se u sustav odgoja i obrazovanja po <em>Funkcionalnoj muzi\u010dkoj pedagogiji<\/em> upisuje u petoj ili \u0161estoj godini \u017eivota&nbsp; i u skladu s individualnim mogu\u0107nostima slijedi razvojnu obrazovnu vertikalu.<\/p>\n<p style=\"text-align: left;\"><span style=\"color: #ff6600;\">Kompletni program i nadopuna iz velja\u010de 2018. nalaze u dokumentima ni\u017ee:<br \/>\n<\/span><\/p>\n<p><a href=\"https:\/\/www.ellybasic.hr\/wp-content\/uploads\/2018\/09\/plan_i_program_osnovne_skole.doc\">Plan i program za osnovne skole<\/a><br \/>\n<a href=\"https:\/\/www.ellybasic.hr\/wp-content\/uploads\/2018\/09\/nadopuna_plana_i_programa_osnovne_skole_02_2018.docx\">Nadopuna Plana i programa za O\u0160 velja\u010da 2018.<\/a><\/p>\n<table style=\"height: 31px;\" border=\"0\" width=\"20\" cellpadding=\"3\">\n<tbody>\n<tr>\n<td width=\"35\">&nbsp;<\/td>\n<td>&nbsp;<\/td>\n<\/tr>\n<\/tbody>\n<\/table>\n<\/div><div class=\"fusion-clearfix\"><\/div><\/div><\/div><\/div><\/div>\n<h3>Related Images:<\/h3>","protected":false},"excerpt":{"rendered":"<p>Related Images:<\/p>\n","protected":false},"author":1,"featured_media":0,"parent":47,"menu_order":2,"comment_status":"closed","ping_status":"closed","template":"","meta":{"ngg_post_thumbnail":0,"footnotes":""},"class_list":["post-57","page","type-page","status-publish","hentry"],"_links":{"self":[{"href":"https:\/\/www.ellybasic.hr\/index.php?rest_route=\/wp\/v2\/pages\/57","targetHints":{"allow":["GET"]}}],"collection":[{"href":"https:\/\/www.ellybasic.hr\/index.php?rest_route=\/wp\/v2\/pages"}],"about":[{"href":"https:\/\/www.ellybasic.hr\/index.php?rest_route=\/wp\/v2\/types\/page"}],"author":[{"embeddable":true,"href":"https:\/\/www.ellybasic.hr\/index.php?rest_route=\/wp\/v2\/users\/1"}],"replies":[{"embeddable":true,"href":"https:\/\/www.ellybasic.hr\/index.php?rest_route=%2Fwp%2Fv2%2Fcomments&post=57"}],"version-history":[{"count":14,"href":"https:\/\/www.ellybasic.hr\/index.php?rest_route=\/wp\/v2\/pages\/57\/revisions"}],"predecessor-version":[{"id":14525,"href":"https:\/\/www.ellybasic.hr\/index.php?rest_route=\/wp\/v2\/pages\/57\/revisions\/14525"}],"up":[{"embeddable":true,"href":"https:\/\/www.ellybasic.hr\/index.php?rest_route=\/wp\/v2\/pages\/47"}],"wp:attachment":[{"href":"https:\/\/www.ellybasic.hr\/index.php?rest_route=%2Fwp%2Fv2%2Fmedia&parent=57"}],"curies":[{"name":"wp","href":"https:\/\/api.w.org\/{rel}","templated":true}]}}